{"id":3618,"date":"2015-12-30T12:57:47","date_gmt":"2015-12-30T12:57:47","guid":{"rendered":"http:\/\/www.rerum.com.br\/?page_id=3618"},"modified":"2016-01-20T19:25:26","modified_gmt":"2016-01-20T19:25:26","slug":"home-principal","status":"publish","type":"page","link":"https:\/\/www.rerum.com.br\/","title":{"rendered":"Home-principal"},"content":{"rendered":"<p>[rev_slider slider-diferenciais]<br \/>\n<div style=\"width: 100%; clear: both; height: 70px\"><\/div><br \/>\n\n        <div class=\"page-element\" style=\"background: \">\n            <div class=\"container\">\n                <\/p>\n<div class=\"row\">\n<div class=\"span3\"><a href=\"http:\/\/www.rerum.com.br\/rerum\/wp-content\/uploads\/2015\/12\/RBTS-imagem.jpg\"><img decoding=\"async\" loading=\"lazy\" class=\"alignnone size-medium wp-image-3669\" src=\"https:\/\/www.rerum.com.br\/wp-content\/uploads\/2015\/12\/RBTS-imagem-300x232.jpg\" alt=\"RBTS-imagem\" width=\"300\" height=\"232\" srcset=\"https:\/\/www.rerum.com.br\/wp-content\/uploads\/2015\/12\/RBTS-imagem-300x232.jpg 300w, https:\/\/www.rerum.com.br\/wp-content\/uploads\/2015\/12\/RBTS-imagem.jpg 778w\" sizes=\"(max-width: 300px) 100vw, 300px\" \/><\/a><\/div>\n<div class=\"span6\"><a href=\"http:\/\/www.rerum.com.br\/rerum\/wp-content\/uploads\/2015\/12\/RBTS-1.png\"><img decoding=\"async\" loading=\"lazy\" class=\"alignnone wp-image-3957 size-full\" src=\"https:\/\/www.rerum.com.br\/wp-content\/uploads\/2015\/12\/RBTS-1-e1452098807118.png\" alt=\"\" width=\"546\" height=\"197\" srcset=\"https:\/\/www.rerum.com.br\/wp-content\/uploads\/2015\/12\/RBTS-1-e1452098807118.png 546w, https:\/\/www.rerum.com.br\/wp-content\/uploads\/2015\/12\/RBTS-1-e1452098807118-300x108.png 300w\" sizes=\"(max-width: 546px) 100vw, 546px\" \/><\/a><\/div>\n<div class=\"span3\">\n<p>Trata-se de um Framework de Neg\u00f3cios e Componentes que possui um robusto n\u00facleo de componentes de neg\u00f3cio. Sua aplica\u00e7\u00e3o permite a redu\u00e7\u00e3o de at\u00e9 80% no esfor\u00e7o na implementa\u00e7\u00e3o de solu\u00e7\u00f5es voltadas \u00e0: captura, autoriza\u00e7\u00e3o, processamento e billing de transa\u00e7\u00f5es comerciais e sua integra\u00e7\u00e3o com outros processos de neg\u00f3cio.\n            <\/div>\n        <\/div>\n    <\/p>\n<\/div>\n<\/div>\n<p><div class=\"stylish-separator\" style=\"border-top: 1px solid #A7A099\"><\/div><br \/>\n\n        <div class=\"page-element\" style=\"background: \">\n            <div class=\"container\">\n                <\/p>\n<div class=\"row\">\n<div class=\"span5\"><a href=\"http:\/\/www.rerum.com.br\/rerum\/wp-content\/uploads\/2015\/12\/Metodologias-1.png\"><img decoding=\"async\" loading=\"lazy\" class=\"alignnone wp-image-3964 size-full\" src=\"https:\/\/www.rerum.com.br\/wp-content\/uploads\/2015\/12\/Metodologias-1-e1452099314281.png\" alt=\"\" width=\"546\" height=\"226\" srcset=\"https:\/\/www.rerum.com.br\/wp-content\/uploads\/2015\/12\/Metodologias-1-e1452099314281.png 546w, https:\/\/www.rerum.com.br\/wp-content\/uploads\/2015\/12\/Metodologias-1-e1452099314281-300x124.png 300w\" sizes=\"(max-width: 546px) 100vw, 546px\" \/><\/a><\/div>\n<div class=\"span3\">\n<p>A RKS (Rerum Knowledge Suite) corresponde a um conjunto de metodologias em franco amadurecimento ao longo dos anos, fundamentadas no Processo Unificado e no PMBok, com uso da nota\u00e7\u00e3o UML. O RKS fomenta o reuso de componentes e o uso de Arquiteturas Distribu\u00eddas Orientadas a Objeto.<\/p>\n<\/div>\n<div class=\"span4\" style=\"float: right;\"><img decoding=\"async\" loading=\"lazy\" class=\"alignnone size-full wp-image-3621\" src=\"https:\/\/www.rerum.com.br\/wp-content\/uploads\/2015\/12\/Metodologia-imagem.jpg\" alt=\"Metodologia-imagem\" width=\"299\" height=\"200\" \/><\/div>\n<\/div>\n<p>\n            <\/div>\n        <\/div>\n    <br \/>\n<div class=\"stylish-separator\" style=\"border-top: 1px solid #A7A099\"><\/div><br \/>\n\n        <div class=\"page-element\" style=\"background: \">\n            <div class=\"container\">\n                <\/p>\n<div class=\"row\">\n<div class=\"span7\">\n<p>Sempre na busca por estar atualizada e mantendo um n\u00edvel de excel\u00eancia em seus servi\u00e7os e produtos, a Rerum conquistou a certifica\u00e7\u00e3o MPS.BR (Melhoria de Processos de Software Brasileiro). Esta certifica\u00e7\u00e3o \u00e9 um modelo de qualidade de processos de software desenvolvido no Brasil e completamente voltado a realidade das empresas do nosso pa\u00eds. Desde a \u00faltima d\u00e9cada, como uma iniciativa do Minist\u00e9rio de Ci\u00eancia e Tecnologia (MCT), e da Associa\u00e7\u00e3o para a Promo\u00e7\u00e3o da Excel\u00eancia do Software Brasileiro (Softex), este passou a ser um modelo de refer\u00eancia similar ao CMM e sua certifica\u00e7\u00e3o exige n\u00edveis de servi\u00e7o elevados.<\/p>\n<\/div>\n<div class=\"span3\"><a href=\"http:\/\/www.rerum.com.br\/rerum\/wp-content\/uploads\/2015\/12\/MPS-BR1.png\"><img decoding=\"async\" loading=\"lazy\" class=\"alignnone wp-image-3697 size-full\" src=\"https:\/\/www.rerum.com.br\/wp-content\/uploads\/2015\/12\/MPS-BR1.png\" alt=\"\" width=\"289\" height=\"153\" \/><\/a><\/div>\n<div class=\"span2\"><a href=\"http:\/\/www.rerum.com.br\/rerum\/wp-content\/uploads\/2015\/12\/icon_mpsbr.png\"><img decoding=\"async\" loading=\"lazy\" class=\"alignnone size-full wp-image-3691\" src=\"https:\/\/www.rerum.com.br\/wp-content\/uploads\/2015\/12\/icon_mpsbr.png\" alt=\"icon_mpsbr\" width=\"243\" height=\"183\" \/><\/a><\/div>\n<\/div>\n<p>\n            <\/div>\n        <\/div>\n    <br \/>\n<div class=\"stylish-separator\" style=\"border-top: 1px solid #A7A099\"><\/div><br \/>\n\n        <div class=\"page-element\" style=\"background: \">\n            <div class=\"container\">\n                <\/p>\n<div class=\"row\">\n<div class=\"span3\"><a href=\"http:\/\/www.rerum.com.br\/rerum\/wp-content\/uploads\/2015\/12\/compromisso2.jpg\"><img decoding=\"async\" loading=\"lazy\" class=\"alignnone wp-image-3706 size-medium\" src=\"https:\/\/www.rerum.com.br\/wp-content\/uploads\/2015\/12\/compromisso2-300x217.jpg\" alt=\"\" width=\"300\" height=\"217\" srcset=\"https:\/\/www.rerum.com.br\/wp-content\/uploads\/2015\/12\/compromisso2-300x217.jpg 300w, https:\/\/www.rerum.com.br\/wp-content\/uploads\/2015\/12\/compromisso2.jpg 329w\" sizes=\"(max-width: 300px) 100vw, 300px\" \/><\/a><\/div>\n<div class=\"span6\"><a href=\"http:\/\/www.rerum.com.br\/rerum\/wp-content\/uploads\/2015\/12\/compromisso-1.png\"><img decoding=\"async\" loading=\"lazy\" class=\"alignnone wp-image-3961 size-full\" src=\"https:\/\/www.rerum.com.br\/wp-content\/uploads\/2015\/12\/compromisso-1-e1452098859217.png\" alt=\"\" width=\"546\" height=\"191\" srcset=\"https:\/\/www.rerum.com.br\/wp-content\/uploads\/2015\/12\/compromisso-1-e1452098859217.png 546w, https:\/\/www.rerum.com.br\/wp-content\/uploads\/2015\/12\/compromisso-1-e1452098859217-300x105.png 300w\" sizes=\"(max-width: 546px) 100vw, 546px\" \/><\/a><\/div>\n<div class=\"span3\">\n<p>Estabelecemos na confian\u00e7a e nos resultados comprovados o nosso alicerce e nos colocamos \u00e0 disposi\u00e7\u00e3o para desenvolvermos as solu\u00e7\u00f5es que ir\u00e3o promover a inova\u00e7\u00e3o necess\u00e1ria aos seus processos de neg\u00f3cio.<\/p>\n<\/div>\n<\/div>\n<p>\n            <\/div>\n        <\/div>\n    <br \/>\n<div class=\"stylish-separator\" style=\"border-top: 1px solid #A7A099\"><\/div><br \/>\n\n        <div class=\"page-element\" style=\"background: \">\n            <div class=\"container\">\n                <\/p>\n<div class=\"row\">\n<div class=\"span5\"><a href=\"http:\/\/www.rerum.com.br\/rerum\/wp-content\/uploads\/2015\/12\/atuacao.png\"><img decoding=\"async\" loading=\"lazy\" class=\"wp-image-3718  aligncenter\" src=\"https:\/\/www.rerum.com.br\/wp-content\/uploads\/2015\/12\/atuacao.png\" alt=\"\" width=\"454\" height=\"139\" srcset=\"https:\/\/www.rerum.com.br\/wp-content\/uploads\/2015\/12\/atuacao.png 546w, https:\/\/www.rerum.com.br\/wp-content\/uploads\/2015\/12\/atuacao-300x91.png 300w\" sizes=\"(max-width: 454px) 100vw, 454px\" \/><\/a><\/div>\n<div class=\"span3\">\n<p>Com sede em S\u00e3o Paulo e filiais no Rio de Janeiro &#8211; RJ, Juiz de Fora &#8211; MG, e Barbacena &#8211; MG. Sua atua\u00e7\u00e3o, por\u00e9m, estende-se para todo o territ\u00f3rio nacional, com projetos em <strong>Belo Horizonte-MG<\/strong>, <strong>Piracicaba-SP<\/strong>, <strong>Campinas-SP<\/strong>, <strong>Recife-PE<\/strong>, <strong>Fortaleza-CE<\/strong>, <strong>Goi\u00e2nia-GO<\/strong>, <strong>Bras\u00edlia-DF<\/strong>, <strong>Porto Alegre-RS<\/strong> e <strong>Vit\u00f3ria-ES<\/strong>.<\/p>\n<\/div>\n<div class=\"span4\"><a href=\"http:\/\/www.rerum.com.br\/rerum\/wp-content\/uploads\/2015\/12\/brasil.png\"><img decoding=\"async\" loading=\"lazy\" class=\"alignnone wp-image-3721 size-medium\" src=\"https:\/\/www.rerum.com.br\/wp-content\/uploads\/2015\/12\/brasil-300x225.png\" alt=\"\" width=\"300\" height=\"225\" srcset=\"https:\/\/www.rerum.com.br\/wp-content\/uploads\/2015\/12\/brasil-300x225.png 300w, https:\/\/www.rerum.com.br\/wp-content\/uploads\/2015\/12\/brasil.png 400w\" sizes=\"(max-width: 300px) 100vw, 300px\" \/><\/a><\/div>\n<\/div>\n<p>\n            <\/div>\n        <\/div>\n    <br \/>\n<div style=\"width: 100%; clear: both; height: 70px\"><\/div><\/p>\n","protected":false},"excerpt":{"rendered":"<p>[rev_slider slider-diferenciais]<\/p>\n","protected":false},"author":12,"featured_media":0,"parent":1522,"menu_order":0,"comment_status":"open","ping_status":"open","template":"template-home.php","meta":[],"_links":{"self":[{"href":"https:\/\/www.rerum.com.br\/index.php?rest_route=\/wp\/v2\/pages\/3618"}],"collection":[{"href":"https:\/\/www.rerum.com.br\/index.php?rest_route=\/wp\/v2\/pages"}],"about":[{"href":"https:\/\/www.rerum.com.br\/index.php?rest_route=\/wp\/v2\/types\/page"}],"author":[{"embeddable":true,"href":"https:\/\/www.rerum.com.br\/index.php?rest_route=\/wp\/v2\/users\/12"}],"replies":[{"embeddable":true,"href":"https:\/\/www.rerum.com.br\/index.php?rest_route=%2Fwp%2Fv2%2Fcomments&post=3618"}],"version-history":[{"count":56,"href":"https:\/\/www.rerum.com.br\/index.php?rest_route=\/wp\/v2\/pages\/3618\/revisions"}],"predecessor-version":[{"id":4043,"href":"https:\/\/www.rerum.com.br\/index.php?rest_route=\/wp\/v2\/pages\/3618\/revisions\/4043"}],"up":[{"embeddable":true,"href":"https:\/\/www.rerum.com.br\/index.php?rest_route=\/wp\/v2\/pages\/1522"}],"wp:attachment":[{"href":"https:\/\/www.rerum.com.br\/index.php?rest_route=%2Fwp%2Fv2%2Fmedia&parent=3618"}],"curies":[{"name":"wp","href":"https:\/\/api.w.org\/{rel}","templated":true}]}}